{"id":2074,"date":"2025-07-17T09:15:47","date_gmt":"2025-07-17T07:15:47","guid":{"rendered":"https:\/\/www.justbaseball.de\/?page_id=2074"},"modified":"2026-04-29T12:30:07","modified_gmt":"2026-04-29T10:30:07","slug":"mesmerize","status":"publish","type":"page","link":"https:\/\/www.justbaseball.de\/","title":{"rendered":"Front Page"},"content":{"rendered":"<div  data-label=\"Overlappable\" data-id=\"overlappable--1\" data-export-id=\"overlappable-4\" data-category=\"overlappable\" class=\"overlappable-4 content-section content-section-spacing\" data-overlap=\"true\" id=\"overlappable-1\" style=\"background-color: rgb(255, 255, 255);\"><div  class=\"gridContainer\"> <div  data-type=\"row\" class=\"row spaced-cols text-center\"><div  class=\"col-xs-12 col-sm-4 col-padding col-md-6 \"> <a  data-cp-link=\"1\" href=\"https:\/\/www.justbaseball.de?tag=2026\" target=\"_blank\"><i  class=\"fa icon shadow-large-black aligncenter fa-volume-down reverse round large color2\"><\/i><\/a> <div  data-type=\"column\" class=\"\"> <h5  class=\"\"><span  style=\"font-weight: 900; color: rgb(0, 0, 0);\">Die aktuellen Podcasts<\/span><\/h5> <p  class=\"\"><span  style=\"font-weight: 700; color: rgb(0, 0, 0);\">Hier findest Du unsere Podcasts \n<\/span><br ><span  style=\"font-weight: 700; color: rgb(0, 0, 0);\">zur aktuellen 2026er Saison.&nbsp;<\/span><\/p><\/div> <\/div> <div  class=\"col-xs-12 col-sm-4 col-padding col-md-6 \"> <a  data-cp-link=\"1\" href=\"https:\/\/www.justbaseball.de?page_id=769\" target=\"_blank\"><i  class=\"fa icon shadow-large-black aligncenter fa-folder-open reverse round large color5\"><\/i><\/a> <div  data-type=\"column\" class=\"\"><h5  class=\"\"><span  style=\"font-weight: 900; color: rgb(0, 0, 0);\">Unser Archiv<\/span><\/h5> <p  class=\"\"><span  style=\"font-weight: 700; color: rgb(0, 0, 0);\">Hier sind unsere Folgen aus den letzten \n<br >Jahren zum Nachh\u00f6ren.<\/span><\/p><\/div> <\/div> <\/div> <\/div><\/div><div  data-label=\"Cta\" data-id=\"cta--2\" data-export-id=\"cta-centered-bg-section\" data-category=\"cta\" data-section-ov=\"1\" class=\"cta-centered-bg-section content-section content-section-spacing-medium white-text february_ink content-relative\" data-parallax-depth=\"20\" id=\"cta-2\" style=\"background-size: cover; background-position: center top;\"><div  class=\"section-separator-top\">\n    <svg  class=\"section-separator-top\" data-separator-name=\"triangle-asymmetrical-negative\" preserveAspectRatio=\"none\" viewBox=\"0 0 1000 100\" xmlns=\"http:\/\/www.w3.org\/2000\/svg\">\n        <path  class=\"svg-white-bg\" d=\"M737.9,94.7L0,0v100h1000V0L737.9,94.7z\"><\/path>\n    <\/svg>\n<\/div><div  class=\"gridContainer\"> <div  class=\"row text-center\"><div  data-type=\"column\" class=\"\"> <h2  class=\"\"><span  style=\"color: rgb(0, 0, 0); font-weight: 900;\">Hallo zu Just Baseball!<\/span><\/h2> <h3  class=\"\"><span  style=\"color: rgb(0, 0, 0); font-weight: 900;\">Wir freuen uns, dass Du den Weg zu uns gefunden hast. W\u00e4hrend der MLB Saison findest Du hier jede Woche eine neue Podcast-Folge zu den aktuellen Themen in den Ballparks.<\/span><\/h3><h2  class=\"\"><span  style=\"color: rgb(255, 0, 0); font-weight: 900;\">Technische Schwierigkeiten mit dem Feed?<\/span><\/h2><h4  class=\"\"><span  style=\"font-weight: 900; color: rgb(255, 0, 0);\">Aktuell haben wir noch ein technisches Problem mit unserem Feed. Es kann sein, dass Euer Podcatcher unseren Feed nicht aktualisiert, bzw. gar nicht findet. Bitte gebt in die Suchfunktion \u201ehttps:\/\/www.justbaseball.de\/?feed=mp3\u201c ein und abonniert uns (neu). Das sollte klappen. Falls nicht, gebt gerne Feedback, wir arbeiten daran.<\/span><br ><span  style=\"font-weight: 900; color: rgb(255, 0, 0);\">\nBei Apple haben wir unseren Feed neu beantragt, es dauert aber noch mit der Freigabe<\/span><\/h4><\/div> <\/div><\/div> <\/div><div  data-label=\"Content\" data-id=\"content--3\" data-export-id=\"content-1\" data-category=\"content\" class=\"content-1 content-section content-section-spacing\" id=\"content-3\" style=\"background-color: rgb(255, 255, 255);\"><div  class=\"gridContainer\"> <div  class=\"row middle-sm\"><div  class=\"col-sm-6\" data-type=\"column\"> <h2  class=\"\"><span  style=\"color: rgb(0, 0, 0); font-weight: 900;\">Die aktuelle Folge: S14E11<\/span><\/h2> <p  class=\"\"><span style=\"font-weight: 700; color: rgb(0, 0, 0);\" >Die Red Sox entlassen Alex Cora (und noch viel mehr), die Phillies ziehen bei Rob Tomphson die Rei\u00dfleine, Mason Miller steht nicht mehr bei einem 0.00 EAR und die Braves sind das beste Team im Baseball. Wir sprechen dar\u00fcber. Viel Spa\u00df!<\/span><\/p> <\/div> <div  class=\"col-sm-6 flexbox-strech center-xs middle-xs\"><div  class=\"lightbox-video lightbox-video-tall dark-overlay shadow-large flexbox middle-xs center-xs\" data-bg=\"image\" data-type=\"group\" style=\"background-image: url(&quot;https:\/\/www.justbaseball.de\/wp-content\/uploads\/cropped-logo_justbaseball.jpg&quot;);\"> <a  data-fancybox=\"\" data-video-lightbox=\"true\" href=\"https:\/\/www.justbaseball.de?podcast=just-baseball-s14e11\"> <i  class=\"fa video-icon fa-play-circle-o color1\" data-cp-fa=\"true\"><\/i><\/a> <\/div><\/div> <\/div><\/div> <\/div><div  data-label=\"Team\" data-id=\"team--2\" data-export-id=\"team-4\" data-category=\"team\" class=\"team-4 content-section content-section-spacing\" id=\"team-2\" style=\"background-color: rgb(255, 255, 255);\"><div  class=\"gridContainer\"> <div  class=\"row text-center\"><div  class=\"section-title-col\" data-type=\"column\"> <h2  class=\"\"><span  style=\"font-weight: 900; color: rgb(0, 0, 0);\">\u00dcber uns<\/span><\/h2> <p  class=\"lead\"><span  style=\"font-weight: 700; color: rgb(0, 0, 0);\">Wir sind Andreas, Florian und Axel. Seit 2014 podcasten wir hier \u00fcber die MLB.\n<br >Folgt uns gerne auf Instagram und BlueSky.&nbsp;<\/span><\/p><\/div> <\/div> <div  class=\"row spaced-cols content-center-sm\" data-type=\"row\">   <div  class=\"col-xs-12 col-sm-6 col-md-4 \"> <div  data-type=\"column\" class=\"card no-padding\"> <img  decoding=\"async\" class=\"face\" src=\"https:\/\/www.justbaseball.de\/wp-content\/uploads\/cropped-florian-1.png\" title=\"florian\" alt=\"\"> <div  data-type=\"column\" class=\"col-padding-small col-padding-small-xs description-container\"> <h4  class=\"font-500\"><span  style=\"font-weight: 900; color: rgb(0, 0, 0);\">Florian<\/span><\/h4>  <div  class=\"social-icons-group\" data-type=\"group\"> <a  href=\"https:\/\/www.instagram.com\/nedfuller\" target=\"_blank\" class=\"\"><i  class=\"fa icon fa-instagram color2\"><\/i><\/a> <a  href=\"https:\/\/bsky.app\/profile\/nedfuller.bsky.social\" target=\"_blank\" class=\"\"><i  class=\"fa icon fa-skyatlas color2\"><\/i><\/a> <a  href=\"#\" target=\"_self\" data-reiki-hidden=\"true\"><i  class=\"fa icon fa-linkedin-square gray\"><\/i><\/a> <a  href=\"#\" target=\"_self\" data-reiki-hidden=\"true\"><i  class=\"fa icon fa-google-plus-square gray\"><\/i><\/a><\/div> <\/div><\/div> <\/div>     <div  class=\"col-xs-12 col-sm-6 col-md-4 \"> <div  data-type=\"column\" class=\"card no-padding\"> <img  decoding=\"async\" class=\"face\" src=\"https:\/\/www.justbaseball.de\/wp-content\/uploads\/cropped-andreas.png\" title=\"cropped-andreas.png\" alt=\"\"> <div  data-type=\"column\" class=\"col-padding-small col-padding-small-xs description-container\"> <h4  class=\"font-500\"><span  style=\"font-weight: 900; color: rgb(0, 0, 0);\">Andreas<\/span><\/h4>  <div  class=\"social-icons-group\" data-type=\"group\"> <a  href=\"https:\/\/www.instagram.com\/andreas.thies76\" target=\"_blank\" class=\"\"><i  class=\"fa icon fa-instagram color2\"><\/i><\/a> <a  href=\"https:\/\/bsky.app\/profile\/andreasthies.bsky.social\" target=\"_blank\" class=\"\"><i  class=\"fa icon fa-skyatlas color2\"><\/i><\/a> <a  href=\"#\" target=\"_self\" data-reiki-hidden=\"true\"><i  class=\"fa icon fa-linkedin-square gray\"><\/i><\/a> <a  href=\"#\" target=\"_self\" data-reiki-hidden=\"true\"><i  class=\"fa icon fa-google-plus-square gray\"><\/i><\/a><\/div> <\/div><\/div> <\/div><div  class=\"col-xs-12 col-sm-6 col-md-4 \"> <div  data-type=\"column\" class=\"card no-padding\"> <img  decoding=\"async\" class=\"face\" src=\"https:\/\/www.justbaseball.de\/wp-content\/uploads\/cropped-axel.png\" title=\"cropped-axel.png\" alt=\"\"> <div  data-type=\"column\" class=\"col-padding-small col-padding-small-xs description-container\"> <h4  class=\"font-500\"><span  style=\"font-weight: 900; color: rgb(0, 0, 0);\">Axel<\/span><\/h4>  <div  class=\"social-icons-group\" data-type=\"group\"> <a  href=\"https:\/\/www.instagram.com\/dervierteoffizielle\" target=\"_blank\" class=\"\"><i  class=\"fa icon fa-instagram color2\"><\/i><\/a> <a  href=\"https:\/\/bsky.app\/profile\/lostinnippes.bsky.social\" target=\"_blank\" class=\"\"><i  class=\"fa icon fa-skyatlas color2\"><\/i><\/a> <a  href=\"#\" target=\"_self\" data-reiki-hidden=\"true\"><i  class=\"fa icon fa-linkedin-square gray\"><\/i><\/a> <a  href=\"#\" target=\"_self\" data-reiki-hidden=\"true\"><i  class=\"fa icon fa-google-plus-square gray\"><\/i><\/a><\/div> <\/div><\/div> <\/div><\/div> <\/div><\/div><div  data-label=\"Cta\" data-id=\"cta--1\" data-export-id=\"cta-centered-section-grid\" data-category=\"cta\" class=\"cta-centered-section-grid content-section content-section-spacing-medium bg-color1 white-text phoenix_start\" id=\"cta-1\"><div  class=\"gridContainer\"> <div  class=\"row text-center\"><div  class=\"col-xs-12 col-sm-10 col-sm-offset-1 col-md-8 col-md-offset-2\" data-type=\"column\"> <h2  class=\"\"><span  style=\"font-weight: 900; color: rgb(0, 0, 0);\">Support!<\/span><\/h2> <p  class=\"\"><span  style=\"font-family: Muli, arial, helvetica, sans-serif; font-weight: 900; color: rgb(0, 0, 0);\">Seit 2013 machen wir Just Baseball und sind mittlerweile bei \u00fcber 500 Folgen angekommen. Wenn Euch unser Podcast gef\u00e4llt, Ihr uns vielleicht mal nen Kaffee ausgeben, oder uns bei Anschaffungen unter die Arme greifen m\u00f6chtet, freuen wir uns \u00fcber Eure Unterst\u00fctzung bei Steady. \n<br ><br >Klickt einfach auf den Button. Vielen Dank!<\/span><\/p> <a  data-cp-link=\"1\" href=\"https:\/\/steady.page\/de\/justbaseball\/about\" class=\"\" target=\"_blank\"><img  decoding=\"async\" class=\"custom-image\" src=\"https:\/\/www.justbaseball.de\/wp-content\/uploads\/cropped-cropped-cropped-steady.png\" title=\"cropped-cropped-cropped-steady.png\" alt=\"\"><\/a><\/div> <\/div><\/div> <\/div><div  data-label=\"Clients\" data-id=\"clients--1\" data-export-id=\"clients-4\" data-category=\"clients\" class=\"clients-4 content-section content-section-spacing-small\" id=\"clients-1\" style=\"background-color: rgb(255, 255, 255);\"><div  class=\"gridContainer\"> <div  class=\"row\"><div  data-type=\"column\" class=\"section-title-col\">  <p  class=\"lead\"><span  style=\"color: rgb(3, 169, 244);\"><sub ><span  style=\"font-weight: 700;\"><a  data-mce-href=\"?page_id=5\" href=\"https:\/\/www.justbaseball.de?page_id=5\" target=\"_blank\" rel=\"noopener\" data-mce-selected=\"inline-boundary\" data-cp-link=\"1\">Impressum<\/a>&nbsp; &nbsp;I&nbsp; &nbsp;<a  data-mce-href=\"?page_id=965\" href=\"https:\/\/www.justbaseball.de?page_id=965\" target=\"_blank\" rel=\"noopener\" data-mce-selected=\"inline-boundary\" data-cp-link=\"1\">Datenschutz-Erkl\u00e4rung<\/a><\/span><\/sub><\/span><\/p><h3  class=\"\"><span  style=\"font-weight: 900; color: rgb(0, 0, 0);\">Folgt uns auf Instagram und BlueSky:<\/span><\/h3><\/div> <\/div> <div  data-type=\"row\" class=\"row spaced-cols middle-xs center-xs space-bottom padding-lr\"> <div  class=\"col-xs-6 col-sm-2 col-md-6\"> <a  data-cp-link=\"1\" href=\"https:\/\/bsky.app\/profile\/justbaseball.bsky.social\" class=\"\" target=\"_blank\"><img  decoding=\"async\" src=\"https:\/\/www.justbaseball.de\/wp-content\/uploads\/cropped-Bluesky_Logo_with_wordmark.svg_.png\" class=\"\" title=\"Bluesky_Logo_(with_wordmark).svg\" alt=\"\"><\/a><\/div> <div  class=\"col-xs-6 col-sm-2 col-md-6\"> <a  data-cp-link=\"1\" href=\"https:\/\/www.instagram.com\/justbaseball_podcast\" class=\"\" target=\"_blank\"><img  decoding=\"async\" src=\"https:\/\/www.justbaseball.de\/wp-content\/uploads\/cropped-instagram-logo.png\" class=\"\" title=\"cropped-instagram-logo.png\" alt=\"\"><\/a><\/div>     <\/div><\/div> <\/div>","protected":false},"excerpt":{"rendered":"<p>Die aktuellen Podcasts Hier findest Du unsere Podcasts zur aktuellen 2026er Saison.&nbsp; Unser Archiv Hier sind unsere Folgen aus den letzten Jahren zum Nachh\u00f6ren. Hallo zu Just Baseball! Wir freuen uns, dass Du den Weg zu uns gefunden hast. W\u00e4hrend der MLB Saison findest Du hier jede Woche eine neue Podcast-Folge zu den aktuellen Themen&hellip; <br \/> <a class=\"read-more\" href=\"https:\/\/www.justbaseball.de\/\">Weiterlesen<\/a><\/p>\n","protected":false},"author":1,"featured_media":0,"parent":0,"menu_order":0,"comment_status":"closed","ping_status":"closed","template":"page-templates\/homepage.php","meta":{"footnotes":""},"class_list":["post-2074","page","type-page","status-publish","hentry"],"_links":{"self":[{"href":"https:\/\/www.justbaseball.de\/index.php?rest_route=\/wp\/v2\/pages\/2074","targetHints":{"allow":["GET"]}}],"collection":[{"href":"https:\/\/www.justbaseball.de\/index.php?rest_route=\/wp\/v2\/pages"}],"about":[{"href":"https:\/\/www.justbaseball.de\/index.php?rest_route=\/wp\/v2\/types\/page"}],"author":[{"embeddable":true,"href":"https:\/\/www.justbaseball.de\/index.php?rest_route=\/wp\/v2\/users\/1"}],"replies":[{"embeddable":true,"href":"https:\/\/www.justbaseball.de\/index.php?rest_route=%2Fwp%2Fv2%2Fcomments&post=2074"}],"version-history":[{"count":21,"href":"https:\/\/www.justbaseball.de\/index.php?rest_route=\/wp\/v2\/pages\/2074\/revisions"}],"predecessor-version":[{"id":2307,"href":"https:\/\/www.justbaseball.de\/index.php?rest_route=\/wp\/v2\/pages\/2074\/revisions\/2307"}],"wp:attachment":[{"href":"https:\/\/www.justbaseball.de\/index.php?rest_route=%2Fwp%2Fv2%2Fmedia&parent=2074"}],"curies":[{"name":"wp","href":"https:\/\/api.w.org\/{rel}","templated":true}]}}